= -g(a) + 7*k(a). Calculate r(13).
-14
Let g(r) = -r - 6. Suppose 5*j = 2*j + 207. Suppose j = i + 2*i + 3*h, 4*i = 2*h + 80. Suppose 69 = 15*l - i. Determine g(l).
-12
Let d = -181 - -183. Suppose 2*u = -d*m - 0*m - 26, -7 = 4*m - 5*u. Let t(p) = p + 3. Give t(m).
-5
Suppose 8*n - 2*n = 72. Let h = 19 - n. Let v(c) = -h*c + 9*c + 35*c**3 - 36*c**3 + 6*c**2 - 8. Give v(6).
4
Let i(j) = -6*j**2 + 168*j + 25. Let f(r) = r**2 - 33*r - 5. Let w(m) = -11*f(m) - 2*i(m). Calculate w(-27).
5
Suppose 0*h + 3*v = -4*h + 291, 5*h = -2*v + 362. Let j = h + -74. Let u(k) = k**2 + 2*k. What is u(j)?
0
Suppose 438*v + 64*v = 35 + 467. Let u(g) be the third derivative of -3*g**2 + 0*g - 1/20*g**5 + 0*g**4 + 0 - 1/6*g**3. What is u(v)?
-4
Let a(h) be the third derivative of -h**6/120 + 31*h**5/60 - 5*h**4/4 - 9*h**3/2 - h**2 - h + 455. Determine a(30).
-27
Let q(l) be the third derivative of l**4/24 + 3*l**3 + l**2. Let f(u) = 1915*u + 122547. Let d be f(-64). Calculate q(d).
5
Let a(c) = 3*c**3 + 2*c**2 - 2*c + 4. Suppose 16 - 19 - 51 = -27*v. Calculate a(v).
32
Let p(u) = 7*u + 130. Let i(d) = 361*d - 379. Let k be i(1). Calculate p(k).
4
Suppose -14 = 4*h + 3*h. Let v(y) = y**2 + 10*y + 19. Let f be v(h). Suppose 0 = 5*o + x + 1 - 16, 0 = -o + f*x + 3. Let z(t) = 5*t - 4. What is z(o)?
11
Let k(b) = b**2 + 8*b - 20. Let o(q) be the first derivative of q**2/2 - 3*q + 53. Let h(d) = -k(d) + 5*o(d). What is h(-7)?
-23
Let v(z) = 3*z + 10 - 4 + 7 - 3. Let g be (6/(-10) + 18/30)/1. Suppose -15*h + 15 - 120 = g. Calculate v(h).
-11
Suppose -5*s + 0*o = -o - 23, -3*o - 5 = s. Let d(l) = -1 + 3*l + s + 7 - 7. Let z(v) = -3*v - 2. Let q(a) = 2*d(a) + 3*z(a). Give q(2).
-6
Let l = 17534 + -17534. Let m(f) = -3*f**3 + 2*f**2 + 11. Determine m(l).
11
Suppose 10*f = 6*f, 5*z - 2*f - 145 = 0. Let p(u) = 29 + 2*u - z - u. Give p(-1).
-1
Let l(c) = -2*c + 14. Let r(h) = h**3 - 18*h**2 - 58*h - 110. Let s be r(21). Determine l(s).
24
Let y(k) = -8*k**2 + 12*k. Let p(c) = -3*c**2 + 6*c. Let r(v) = -5*p(v) + 2*y(v). Give r(-6).
0
Let y(h) = 300 + 294 - 596 - 3*h. Let v(z) = -11*z - 18. Let s(l) = v(l) - 4*y(l). Let o(b) = b**2 + 2*b. Let r be o(-4). What is s(r)?
-2
Suppose 0 = -24*w + 149 + 19. Let z(c) = -2*c**2 + 13*c + 4. Calculate z(w).
-3
Let p(m) = -2*m + 42. Let q(o) = o - 28. Let x = 424 - 416. Let b(f) = x*q(f) + 5*p(f). Give b(-4).
-6
Let q(h) be the first derivative of -3*h**2/2 - 19*h + 890. Determine q(4).
-31
Let w(h) = h + 7. Let l(o) = 3*o**2 + 17*o + 4. Let f(t) = 4*t**2 - 24*t + 15. Let u be f(5). Let b be l(u). Determine w(b).
1
Let b(u) = 2*u**3 - 56*u**2 + 2*u - 89. Let d(i) = 5*i**2 - 3. Let r(t) = -b(t) - 11*d(t). Give r(0).
122
Let g be (176/8)/2 + -29. Let c(n) = -n**3 - 17*n**2 + 18*n - 27. Determine c(g).
-27
Let s(j) = -7*j + 18. Let c(n) = -26*n + 71. Let w(m) = 6*c(m) - 22*s(m). Give w(15).
0
Suppose 0 = 3*n - 0*n + 6, 4*n = 4*k - 20. Let z be -1 + (10 + -6 - (5 + -4)). Let g(w) = -5*w + 5*w - k + 2*w + w**z - 4*w. Determine g(-2).
5
Let y(j) be the first derivative of 0*j**4 - 15*j**3 + 0*j**2 - 31 + 1/120*j**5 - 1/360*j**6 + 0*j. Let i(s) be the third derivative of y(s). What is i(2)?
-2
Let l(j) = 8 + j - 16 + 1 + 0 - 4. Give l(9).
-2
Let p(b) = -b - 5. Let k be p(-5). Let r(h) = -5*h**2 + 709*h - 20. Let d(z) = -6*z**2 + 827*z - 22. Let o(m) = -6*d(m) + 7*r(m). What is o(k)?
-8
Let d(c) = -83 + 9*c + 204 - 91 - 6*c. What is d(-8)?
6
Let p(x) = x**2 + 15*x - 20. Let f = 49 - 17. Suppose 76*n - 74*n = -f. Give p(n).
-4
Let x(a) be the first derivative of 12*a - 13/3*a**3 - 2 + 11/2*a**2 + 1/4*a**4. What is x(12)?
0
Let t(v) be the third derivative of v**9/60480 - v**8/2240 + v**7/630 + 8*v**5/15 + v**2 + 61*v. Let g(k) be the third derivative of t(k). Determine g(8).
0
Let r(o) = -3*o + 1. Suppose -3*l + 4*p + 83 = 29, 5*l - 61 = -3*p. Let n be (1/(-3))/(l/(-126)). Determine r(n).
-8
Let j(o) = o**3 - 35*o**2 + 99*o - 5. Let n be j(3). Let i(l) = -l**2 + 6*l - 19. Determine i(n).
-11
Let d(r) = r**3 - 3*r + 70. Let y be d(0). Let x = 68 - y. Let w(i) = i - 2. Determine w(x).
-4
Let t(u) = u - 6. Let q = 42 - 53. Let n(o) = -2*o - 22. Let m be n(q). Suppose 2*k - 22 + 12 = m. Calculate t(k).
-1
Let k be (2/2)/(((-98)/28)/(-7)). Let q(r) be the second derivative of 1/2*r**k + 0 + 35*r + 1/6*r**3. What is q(-1)?
0
Let h(u) be the first derivative of 1/3*u**3 + 156 + 8*u - 3*u**2. Calculate h(4).
0
Suppose -2*h - 131 = -3*i, 2*i + h = 5*h + 90. Let y(z) = z**3 - 50*z + 9*z**2 - 6 + i*z - 4*z**2. Calculate y(-6).
0
Let p(o) = o**2. Let z(q) = -2*q**2 - 11*q - 6. Let x(y) = -p(y) - z(y). Let w(v) = v**3 + 13*v**2 - 16*v - 32. Let k be w(-14). Calculate x(k).
-22
Let y(p) = -7*p**2 - 20. Let g(u) = 17*u**2 + 51. Let s(k) = -5*g(k) - 12*y(k). Suppose 0 = 4*t + t. Suppose 7*d - 6*d = t. Give s(d).
-15
Let c(d) = -d**3 - 5*d**2 + 2*d + 6. Let i(k) = k**2 - k - 8. Let s be i(0). Let t(b) = 6213*b - 3101*b + 3 - 3111*b. Let o be t(s). Calculate c(o).
-4
Let l(a) = -28*a**3 + 2*a + 2. Suppose -z + 152 = -2*y + 163, -5*y = 5*z - 20. Determine l(z).
28
Let m(g) = 3*g**3 - g - 7. Let d be 3/(-2 + 3) + 1 + -1. Let y(u) = -u**d + 3 - 1 - 5 + u + 2. Let n(j) = m(j) + 2*y(j). Determine n(0).
-9
Let x(r) = 2*r**2 - 7*r + 1. Let t(w) = 12*w - 151. Let k = -497 - -510. Let y be t(k). What is x(y)?
16
Let a(r) = 2*r**3 - 33*r**2 + 18*r - 30. Let c(h) = -293*h - 18443. Let j be c(-63). Give a(j).
2
Let n(v) = 48*v + 49*v + 46*v - 144*v + 3. Let f(k) = 31*k + 222. Let d be f(-7). What is n(d)?
-2
Let c(b) be the second derivative of 7*b + 0 - 1/6*b**3 + 11/2*b**2. Suppose 0 = -f + 5 - 1, h + 2*f - 14 = 0. Determine c(h).
5
Let f(n) = n. Let h(b) = b - 107. Let y(w) = 5*f(w) - h(w). Let c be y(-25). Let r(p) = -p + 3. Let u(s) = -s + 3. Let k(v) = 4*r(v) - 5*u(v). Calculate k(c).
4
Let b(s) be the second derivative of 0*s**4 + 0*s**2 - 1/120*s**5 - 1/72*s**6 + 2*s**3 + 0 - 12*s. Let n(u) be the second derivative of b(u). Determine n(-1).
-4
Let t(v) be the second derivative of 11*v**4/24 - v**3/3 - 34*v**2 + 51*v - 1. Let a(r) be the first derivative of t(r). Calculate a(-1).
-13
Let u(x) = -x**3 - 12*x**2 + 3*x + 40. Let k(p) = 2*p**3 + 13*p**2 - 4*p + 9. Let d be k(-7). Let r be u(d). Let w(q) = 2*q - 1. Give w(r).
7
Let b(n) = 6*n - 13. Suppose 11*f + 880 = 23*f + 32*f. Give b(f).
107
Let k(z) = z**3 + 26*z**2 - 30*z + 15. Let l(s) = 445*s - 27. Let p be l(0). Determine k(p).
96
Let a(z) = z + 23. Let q = 1097 - 1105. Calculate a(q).
15
Let u(p) = 43*p + 113. Let f(v) = v + 49. Let y(w) = 3*f(w) - u(w). Give y(1).
-6
Let s(d) = d + 16. Let i(a) = a + 51. Let t(z) = -3*i(z) + 8*s(z). What is t(6)?
5
Let c = 210 - 207. Let d(f) = 405*f**2 + 420*f**2 - 16*f - 807*f**2 - f**c - 14. Determine d(17).
3
Suppose -41 = -73*m + 110 + 287. Let g(o) = -4 + o + 0 - 2. Give g(m).
0
Let l(s) = s + 6. Suppose 17*x = 22*x + 20. Let g be l(x). Let u(j) = -g*j + 21 + 12 - 24. Calculate u(6).
-3
Let x be -2*1 + 2 - 0. Suppose -498 + 548 = 10*r. Suppose -r*i + 2*i - 6 = x. Let w(l) = l**2 - 2*l + 1. Determine w(i).
9
Let j(i) = i**2 + 11*i + 20. Let l be (36/16)/(-12 + (-94)/(-8)). Give j(l).
2
Suppose -12 = -5*f + 2*f. Suppose 0 = f*c + u + 10, c = -5*u + 1 - 13. Let m(z) be the first derivative of z**4/4 + 5*z**3/3 - z + 236. Give m(c).
11
Let l(x) be the first derivative of x**2/2 - 4*x - 20923. Let j = -1 - 1. Calculate l(j).
-6
Let i = -15 - -11. Let q be 0 + i + 0/2. Let r(g) = -5*g + 3. Let t(b) = -4*b + 3. Let m(j) = q*t(j) + 3*r(j). Calculate m(7).
4
Let z be 6/2*(9 + -7 + -1). Let v(l) = -17*l**3 + 1 - 12*l**3 + 30*l**z + 3*l - 6*l**2. Let i be (-6)/4*(5 - (-6 - -13)). Determine v(i).
-17
Suppose -565*s + 592*s + 270 = 0. Let p(g) = -9*g - 87. Give p(s).
3
Let j(v) = -v - 37 + 16 + 17 + 13. Suppose -15 = 3*b + 2*l + l, 15 = -b - 3*l. What is j(b)?
9
Let g be ((-1)/(-5))/(8/300)*2. Let s(v) = g - 8 + 2*v - 12 - v. Determine s(0).
-5
Let a(j) = -j**2 - 6*j - 2. Let m(o) = o**3 + 7*o**2 - 15*o - 10. Let n be m(-8). Let d = -44 + n. Suppose -d*l - 4 = -5*p + 4, -l - p - 4 = 0. Calculate a(l).
6
Let n(d) = 69*d**3 + 15*d**2 + 44 - 148*d**3 - 21*d + 78*d**3. Give n(13).
109
Let u(j) = 4*j**3 - 4*j**2 - j - 1. Let y(v) = v**3 - v + 1. Let w(m) = u(m) - 5*y(m). Suppose -17 = -4*h 